pose 0 = -i + 2*i - 1204. Suppose 6*v - r*v = i. Is v a composite number?
True
Suppose 14 = j + 11. Suppose 3223 = j*w - 356. Is w a prime number?
True
Let v(c) = 17 + 992*c - 31 + 16. Let g be v(3). Suppose 2*k = 4*z - g, 5*z = 2*k - 2269 + 5990. Is z composite?
False
Let h(k) = -5*k**3 + k**2 + k. Let f be h(-1). Let z(l) = 473*l - 38. Let t be z(6). Suppose -1635 = -f*r + t. Is r a composite number?
False
Let s = 32 + -15. Let w = s - 13. Suppose 76 = 8*f - w*f. Is f a composite number?
False
Is 2931/2*(-3)/(18/(-4)) composite?
False
Suppose 2*a + 0 = -2. Let z(d) = -523*d**3 - d. Let j be z(a). Suppose 352 + j = 4*k. Is k prime?
False
Let y(b) = -b**2 - 8*b - 10. Let n be y(-6). Let p(l) = 45*l**2 - l**3 - 42*l**n + 2*l**3 + 4*l + 3. Is p(4) prime?
True
Suppose -29*b + 50*b = 525567. Is b prime?
False
Is (-4157979)/(-684) - (-1)/12 prime?
True
Let b(r) be the third derivative of 3*r**5/4 - 29*r**4/24 - r**3/2 + 15*r**2. Is b(5) composite?
False
Let n = 381 - -1118. Is n prime?
True
Let x = 111 - 111. Let h(f) = f**3 + 10*f**2 + 6*f + 6. Let o be h(-4). Suppose 3*u + 0*u - o = x. Is u composite?
True
Let u(b) = -5*b + 32. Let k be u(5). Suppose 0 = k*n - 8*n + 211. Is n composite?
False
Suppose -4 = -2*f, 0 = -2*a + 2*f + 364 + 1106. Is a composite?
True
Let q(r) = 14*r**2 + 51*r - 52. Is q(-19) composite?
True
Suppose 3 = -3*s + 4*s. Let b be (-2)/(-1) + (-1 - (5 + -4)). Suppose b = -2*k + k + s, y + 3*k = 60. Is y a prime number?
False
Suppose 5079*t - 5084*t = -141835. Is t a composite number?
True
Let a(c) = -2*c**2 + 3*c - 10. Let k be a(13). Let q = -176 - k. Is q a prime number?
False
Suppose -10*m + 8 = -14*m. Is (-14 - -16)*(m + 82/4) a composite number?
False
Let f(n) = 2*n**2 - 22*n + 47. Is f(20) a composite number?
True
Let b(j) = 7 + 14 + 0*j - 4 + 2*j. Let o be b(-7). Suppose 271 = o*n + 4*y, -4*n + 2*y + 247 = -n. Is n prime?
False
Let m = 6998 - 4381. Is m a composite number?
False
Let v(i) = 16*i**2 + 2*i + 1. Suppose 3*o = 5*o - 8. Let h be v(o). Let n = -8 + h. Is n composite?
False
Suppose -8*h = -11*h + 573. Is h a prime number?
True
Is (-2 + 12 + -33581)/(0 - 1) a prime number?
False
Let q = -20 - -32. Let k be (10/(-3))/(8/q). Let p = k - -150. Is p a prime number?
False
Suppose 3*v + 2 = -5*m - 23, 4*v + 2*m = -10. Is 679 + v/((-2 + 1)*2) a prime number?
False
Suppose -3*q - 715 = -2*m, 7*m - 6*m - 1194 = 5*q. Let r be (-9 + -1)/((-2)/90). Let h = q + r. Is h a composite number?
False
Let j(i) = 16*i**2 + 11*i - 7. Suppose 0 = r - 4, 0 = -3*h + 3*r - 0*r - 45. Let c be j(h). Is 1/(-3) - c/(-6) a composite number?
True
Is (82934/14)/(-10 + 426/42) a composite number?
False
Let w = 3536 - -4101. Is w a prime number?
False
Let o = 54 - 44. Let s(b) = -b**3 + 18*b**2 - 13*b + 11. Is s(o) prime?
False
Let n(c) = 8*c**2 + 18*c - 17. Is n(-11) composite?
True
Suppose k - 32 = -30. Suppose 111 = 2*f - 3*z - 176, k*f = 4*z + 286. Is f a prime number?
False
Let r(t) = -t**3 - 10*t**2 - t - 8. Let a be r(-10). Is (-31)/2*(-4 + a) composite?
False
Is (157149 - 11)*3/6 prime?
True
Suppose 2*z - 8969 = -5*u - 464, 0 = -2*z + 3*u + 8545. Is z a composite number?
True
Let d be 0 - ((-136)/51)/((-2)/(-3)). Suppose -3*h + 5217 = n, d*h - 6956 = 10*n - 7*n. Is h a composite number?
True
Let o(q) = 47*q**3 + 2*q**2 - 1. Let d be o(2). Let s = d + 1974. Is s a composite number?
False
Let j(w) = w + 14. Let p(z) = z**3 - 7*z**2 + 3*z + 7. Let u be p(6). Let t be j(u). Suppose -4*v + 5*v - 151 = -t*y, -y = 4. Is v a prime number?
True
Suppose 3*l - 3*d = -6, -5 = 3*l - 5*d + 1. Is (4/(-10))/((-69328)/34660 - l) a prime number?
True
Let y(q) = -6*q - 16. Let c be y(-4). Let v(m) = m**3 - 4*m**2 + 16*m - 3. Is v(c) a composite number?
True
Let k(y) = 6*y**2 + 10*y + 4. Let c be k(7). Suppose 3*r - 4*p - c - 189 = 0, -5*r + p = -951. Is r a composite number?
False
Let r(s) = 5*s**3 - 3*s**2 - 8*s + 43. Is r(5) composite?
True
Let p = 15 + -12. Suppose a = 4*t - 2*a - 24, 9 = -t - p*a. Suppose -4*b + 98 = 3*z - 5, -t*b - 3*z + 81 = 0. Is b prime?
False
Let v(g) = 3*g**3 - 4*g**2 + 2. Suppose y + 36 = -3*y. Let z be 1/(-3 - 30/y). Is v(z) prime?
True
Suppose -5 = o, 4*k - 13073 = 3*o + 12810. Is k composite?
True
Let f = 4727 - 86. Let u = f - 2798. Is u prime?
False
Let l(n) = 2883*n - 85. Is l(14) a prime number?
True
Let b = -4 + 8. Let t be 4/40 + (-4349)/(-10). Suppose t = b*l - l. Is l a composite number?
True
Let l be (0 - (-14340)/25)*15. Is (l/(-48))/((-1)/4) composite?
True
Let b = -3386 - -11123. Is b a composite number?
True
Let z be (2/54*9)/(2/18). Suppose -3*q = -6*q + 2*b + 1727, z*q = 4*b + 1717. Is q composite?
True
Let h(r) = 563*r - 345. Is h(16) a composite number?
False
Let m be ((-1839)/3)/((-1)/2). Let t = m - 585. Is t prime?
True
Let s(f) = 3*f + 3. Let i(w) = -w - 2. Let r be i(-4). Suppose -r*y + 3*y - 5*b = 11, 0 = y + 4*b - 20. Is s(y) a prime number?
False
Let p be 3/(-1)*(-5)/(-3). Let l = p - -100. Is l composite?
True
Let g(c) = 8*c**3 - 8*c**2 + 13*c + 9. Let p be g(7). Suppose -p = f - 5*f. Is f prime?
True
Suppose -3*b = -0*b + 30. Let i = b + 5. Let g(f) = -f**3 - 4*f - 6. Is g(i) prime?
True
Suppose 2*f + 2*f - 16 = 0. Suppose f*r + 2*m - 9576 = 0, 5*r = -0*r - 4*m + 11973. Is r a composite number?
False
Let n(p) = -3597*p**3 + 2*p + 4. Is n(-3) prime?
True
Is 5918/(-33)*(-555)/10 a prime number?
False
Suppose 0 = 5*r - 25*s + 24*s - 57868, r + 5*s - 11558 = 0. Is r a composite number?
True
Suppose 4*p + 11*p - 13185 = 0. Is p a prime number?
False
Suppose 12*c - 4*c = 32. Let i = -8 - -12. Suppose 0 = c*b + i, -4*y + 3*b + 1258 = y. Is y a prime number?
True
Let h(d) = 11*d**2 + 7*d. Let m be h(-5). Let t = m - 115. Let v = 208 - t. Is v a composite number?
False
Let x be (2 - 0) + 0 + 0. Is (-333)/(-18) + 1/x composite?
False
Let s = -4993 + 11476. Suppose 3*b - s = -0*b - 3*x, x = -4*b + 8644. Is b a composite number?
False
Suppose -35*o + 127909 = 44084. Is o prime?
False
Let t be -5*((-96)/20)/(-3). Is 7/28 - 7830/t composite?
True
Suppose -6 = 3*v - 0. Let l be v + (59 - 6/(-2)). Suppose 73 = w - l. Is w a prime number?
False
Let s(j) = -3*j**3 + 395 + 358 - j + 2*j**3. Suppose 9 + 1 = 5*q + 2*z, 3*q + 3*z - 15 = 0. Is s(q) a prime number?
False
Let a(r) = -3*r**3 + 2*r**3 - 48*r**2 + 61*r**2 - 7. Is a(9) a prime number?
True
Let c(n) = 824*n**2 - 13. Is c(-3) a prime number?
False
Suppose -37 = -3*y + 3*m - 13, -y + 12 = -2*m. Suppose -5*g + 702 + 3391 = 4*t, 5*g - y*t = 4117. Is g composite?
False
Let m = 2573 - 1044. Is m prime?
False
Let v = -9282 - -13985. Is v composite?
False
Let t be 5/((-5)/6) - -2. Let s = t - -8. Suppose 99 + 478 = 3*r - 4*c, -s*c = 3*r - 569. Is r composite?
False
Let d(t) = -t + 3. Let a be d(0). Suppose -5*m = 3*r - 19, m + a*r - 6 = 5. Suppose 175 = 3*k + m*k. Is k prime?
False
Let d(v) = v**3 + 8*v**2 + 10*v - 6. Let w be d(-6). Suppose 7*k - 3*o = w*k + 533, -3*o = 4*k - 2102. Is k prime?
False
Let w = 9 - 3. Let i be ((-2283)/4)/(w/24). Is i/(-12) + 6/8 a prime number?
True
Suppose 0 = -j - j - 7246. Suppose 4*a + 4*r = -10272, 0 = 5*a - 4*r - 0*r + 12840. Let n = a - j. Is n a prime number?
False
Let z = -4574 - -10083. Is z a composite number?
True
Let o(h) = h**3 - 5*h**2 + 2*h + 3. Let l be o(4). Let x be ((-1)/(-3))/(l/(-570)). Let z = 15 + x. Is z prime?
True
Suppose -5*x - 5384 = -2*b - 298, -4*b - 5098 = 5*x. Let i = -701 - x. Is i a prime number?
True
Let y(f) = 229*f**2 + 2. Let n be y(5). Suppose -q = 5*o - 1928, 3*o - n = -3*q + 7*o. Is q composite?
False
Suppose 3*z + 0*z = 15. Suppose z*l + 0*j - 3*j = 2, -5*l - 2*j + 7 = 0. Let k(h) = 266*h**3 + 2*h**2 - h. Is k(l) a prime number?
False
Let c = -14 - -20. Let x(k) = 31*k - 9. Let v be x(c). Suppose 3*m - v = 204. Is m a prime number?
True
Let y(t) = t**3 - 2*t**2 + 3*t - 2. Let i be y(2). Suppose -1770 = 6*u - i*u. Let v = -400 - u. Is v prime?
False
Let y(b) = 955*b - 14. Is y(1) prime?
True
Suppose 68*v - 13162940 = -4464176. Is v a composite number?
True
Let k = 3812 - 1779. Is k a prime number?
False
Let c(x) = 20*x**2 + x - 18. Suppose 0 = -0*y + 2*y - b + 18, b - 32 = 4*y. Is c(y) a composite number?
True
Suppose 5*z + 0*z - 5 = 0. Suppose a = 4 - z. Suppose -593 = -a*s - 62. Is s composit